 b - 5*k = 34, 4*b + 3*k - 76 = p*k. What are the prime factors of b?
2, 7
Suppose -1596 = -2*m - 3*m + 3*x, -1296 = -4*m - 4*x. List the prime factors of m.
3, 107
Let a be ((-4)/(-6))/(2/(-9)). Let w be (-314)/(-10) + a/(-5). Suppose -4*r + w = -36. List the prime factors of r.
17
Suppose -2658 = -47*v + 2606. What are the prime factors of v?
2, 7
Let p(s) = s**2 + s - 3. Let f(u) = -u**3 + 3*u**2 + u - 4. Let x be f(4). Let y be (x/(-12) + -1)*15. List the prime factors of p(y).
3
Let i(l) be the second derivative of -l**3/3 - 3*l**2/2 - 9*l. List the prime factors of i(-12).
3, 7
Suppose 3*h = 0, 34*z + 378 = 35*z + h. List the prime factors of z.
2, 3, 7
Let t(c) = -2*c**3 - 40*c**2 - 20*c + 44. What are the prime factors of t(-20)?
2, 3, 37
Suppose 40384 = 1180*n - 1164*n. What are the prime factors of n?
2, 631
Let t be (-9 - -10)*(0 - 144). Let v be (t/(-45))/((-2)/(-5)). What are the prime factors of 2*-25*v/(-10)?
2, 5
Let u = -12 - -13. Let z be 12/2*u/(-2). Let t = z - -6. List the prime factors of t.
3
Let q be (35/5)/((-2)/(8/(-4))). Let b(z) be the third derivative of -z**6/120 + 2*z**5/15 - z**4/8 - 5*z**3/6 + 2*z**2. List the prime factors of b(q).
23
Let v = 639 + 20. What are the prime factors of v?
659
Suppose -5*n - h + 149 = 53, 44 = 3*n + 4*h. Let f = 25 - n. Suppose -b = -3*b + f*g + 19, 0 = -2*g + 6. What are the prime factors of b?
17
Let a(l) = -l**3 - 3*l**2 + l - 10. Let t be a(0). Let f = 20 - t. List the prime factors of f.
2, 3, 5
Suppose 9*m + 12*m - 11949 = 0. List the prime factors of m.
569
Suppose 30*r - 36880 + 2110 = 0. List the prime factors of r.
19, 61
What are the prime factors of (6/(-18))/(1/(-1029))?
7
Let y be (-224)/3 - 2*3/18. Let v = 205 + y. List the prime factors of v.
2, 5, 13
Let n = 7 + -7. List the prime factors of -3*(n + 1) + (105 - -2).
2, 13
Let j(z) be the first derivative of 17*z**2/2 - 4*z + 1. What are the prime factors of j(4)?
2
Let h = 19 + -9. Suppose -g - 3 + 11 = -m, 5*m = -g - h. What are the prime factors of (-27)/(-2) - m/6?
2, 7
Let x(k) = -33*k + 9. List the prime factors of x(-1).
2, 3, 7
Suppose -3*u - 9 = -42. Suppose 8*b - u*b = -114. What are the prime factors of b?
2, 19
Let w = -797 - -1164. List the prime factors of w.
367
Let o = 3344 + -2299. Suppose 5*l = -2*u - 2*u + o, 3*u = l - 190. List the prime factors of l.
5, 41
What are the prime factors of (-1 - (-81512)/36) + 46/(-207)?
31, 73
What are the prime factors of ((-75)/25)/((-6)/964)?
2, 241
Let f(l) = -3 + 2*l + 0*l - 7 + 4. Let q be f(4). What are the prime factors of 1568/88 + q/11?
2, 3
Let g be (42/(-12) + 5)/(1/2). Suppose 3*l + 231 = g*v, -3*v - 2*l - 2*l + 210 = 0. What are the prime factors of v?
2, 37
Suppose 0 = -4*y - 15*q + 13*q + 1730, 5*y - 3*q = 2190. List the prime factors of y.
3, 5, 29
Let b = -31 + 31. Suppose -2*o + 1070 = 5*p, b*p + o = p - 207. List the prime factors of p.
2, 53
Let m be (1 - (-147)/(-6))*-2. List the prime factors of m/2 + 24/16.
5
Suppose k - 1781 - 1196 = -2*o, 0 = 4*o - 3*k - 5929. List the prime factors of o.
2, 743
Suppose 7*f - 2*f = 15, 3*c - 2178 = 2*f. What are the prime factors of c?
2, 7, 13
Let w = -96 - -96. Suppose w = 15*h - 14*h - 130. What are the prime factors of h?
2, 5, 13
Let k = 37 + -565. What are the prime factors of (-1 + 0)/(12/k)?
2, 11
Let n be -16*(2 - 10/4). Let m = n + -12. List the prime factors of m/(-2) + 16 + -8.
2, 5
Let y(f) = -5*f - 2. Let q be y(-1). Suppose 3*g = -3*p + 42, 5*g - 30 = -q*p + 32. Let h = g - -4. What are the prime factors of h?
2, 7
Let j(p) be the second derivative of p**3/2 - 2*p**2 - 3*p. Let b be j(4). List the prime factors of 126/b + 4/16.
2
Let v(f) be the third derivative of 19*f**4/24 - 5*f**3/3 - 4*f**2. Let c be v(5). What are the prime factors of c/4 - 12/48?
3, 7
Let d(c) = -c**2 - 11. Let o = 14 + -14. Let z be d(o). Let p = -7 - z. List the prime factors of p.
2
Suppose 3 = -3*d - 3*f, 3*d - 5*f - 11 = 6*d. Suppose 5*r - 15 = 0, -d*z = 4*r + 272 - 1046. What are the prime factors of z?
2, 127
Suppose -84 + 5 = -n - x, n - 5*x - 109 = 0. Suppose 5*q + 4*h - 878 = 0, -438 + n = -2*q - 3*h. What are the prime factors of q?
2, 3, 29
Let m(d) = -d**2 - 88*d - 149. What are the prime factors of m(-35)?
2, 853
Suppose 5*s = 10 + 10. Let g be (-2 - -5)/(6/s). Suppose -g*h = -3*h + 29. What are the prime factors of h?
29
Let f(d) = -60*d - 241. List the prime factors of f(-24).
11, 109
Let x(a) = 2*a**2 + a + 4. Suppose 8*h - 13*h + 20 = 0. Suppose -5*j = -10, -2*k = k + 4*j + h. What are the prime factors of x(k)?
2
Suppose -6 = -k - 1. Suppose d + 200 = k*d. List the prime factors of d.
2, 5
Suppose 0 = -16*g + 184 + 40. What are the prime factors of g?
2, 7
Suppose 0*r - 40 = -r. Let b = r + -28. List the prime factors of b.
2, 3
Suppose 15*k = -4*k - 57. Suppose 8 = 3*w + g, w + 2 = 4*w - 2*g. What are the prime factors of k/w*(-1 + -3)?
2, 3
Let x = -37 - -59. Let w = x - 37. Let j = w + 31. What are the prime factors of j?
2
Let i(m) = -m**3 + 2*m**2 - 2*m + 1. Let k be i(2). List the prime factors of 41*(-2)/(1 + k).
41
Let v(c) = 6*c**2 - 8*c + 13. What are the prime factors of v(2)?
3, 7
Let m = -54 + 50. Let l = 67 - m. List the prime factors of l.
71
Let t = -2065 - -3515. What are the prime factors of t?
2, 5, 29
Let c = 1 + 1. Suppose 4*i + 102 = 2*f, -4*f = -c*i - 111 - 63. What are the prime factors of f?
41
List the prime factors of (-50)/(((-12)/18)/((-52)/(-12))).
5, 13
Let o(q) = -q**3 + 8*q**2 - 4*q + 10. Let s(n) = n**2 - 19*n + 41. Let x be s(17). List the prime factors of o(x).
31
Let j(q) = q**3 - 7*q**2 - 7*q - 5. Let g = 30 + -21. List the prime factors of j(g).
2, 47
Suppose 45*h - 19420 = 41*h + 4*v, 19428 = 4*h + 4*v. List the prime factors of h.
2, 607
Let d be ((-482)/4)/((-8)/16) + 4. Suppose 0 = -8*z + 1187 + d. List the prime factors of z.
179
Let q be (-99)/(-63) - 6/(-14). Suppose -513 = -f - q*f. List the prime factors of f.
3, 19
What are the prime factors of (-8)/(-44) + 190944/88?
2, 5, 7, 31
Suppose 4*k = -5*d + 1841, 0*k - 4*d + 2290 = 5*k. What are the prime factors of k?
2, 227
Suppose -3*m + 4 = -131. Suppose 4*q - m - 215 = 0. Suppose -5*b + q = -2*k, 2*b + 3 - 15 = -2*k. What are the prime factors of b?
11
Let n = 8 + -10. Let q(t) = 3*t**3 + 2*t**2 - t + 2. Let i be q(n). Let s = 33 + i. What are the prime factors of s?
3, 7
Let o(l) = l**2 + 12*l + 25. Let u be o(-5). Let k = 53 - 38. List the prime factors of k/u*(-36)/2.
3
Let z(c) = 8*c - 6. Let s be z(5). Let f = -8 + s. What are the prime factors of f?
2, 13
Let v(w) = -w**3 - 6*w**2 + 15*w - 8. Let p be v(-8). Suppose 5*f - 2202 + 597 = p. What are the prime factors of f?
3, 107
Let r(j) = -j**3 - 4*j**2 - 2*j + 4. Let v be r(-4). Suppose -2*s + 5 = -3*s. Let k = v - s. List the prime factors of k.
17
Let r = -785 - -2410. What are the prime factors of r?
5, 13
Suppose -13*h + 1381 = -12*h. What are the prime factors of h?
1381
Let y = 16 - 11. Let b be (2/y)/((-16)/(-80)). What are the prime factors of (6/(-4))/((-1)/b)?
3
Let v(t) = -t**2 - 13*t + 16. Let b be v(-14). What are the prime factors of 5*b*7/2?
5, 7
Let d be (-481)/(-7) - 4/(-14). Let n = d - 109. Let z = 64 + n. What are the prime factors of z?
2, 3
Suppose -52*p - 17605 = -57*p. What are the prime factors of p?
7, 503
List the prime factors of (50281/14)/(-11)*-2.
653
Suppose 0 = 4*c - 8*c. Suppose 6*h - 1975 + 253 = c. What are the prime factors of h?
7, 41
Let u(f) = f**3 + 5*f**2 + 5*f + 2. Let a be u(-3). Let p be (-2)/(-4) + 632/16. Suppose -a*r = -p + 15. What are the prime factors of r?
5
Suppose -37 = -5*i - 5*s + s, s = i - 11. Let a(b) = -b**2 + 10*b - 14. Let t be a(i). Let f(z) = -11*z + 5. List the prime factors of f(t).
2, 3, 5
Let r be 21/(-15) - (-6)/15. Let j(h) = -2*h**2 - h - 4. Let m be j(-3). What are the prime factors of (r/(-1))/((-1)/m)?
19
Let i(m) = -m**3 - 19*m**2 - 17*m - 86. List the prime factors of i(-25).
3, 29, 47
Let t(z) = -8*z**3 + 3*z**2 - 6*z + 5. Let q be t(4). Let r be ((-1)/(-3))/(7/q). Let h = 26 + r. List the prime factors of h.
3
Suppose -1 - 3 = 4*j, -4*w + 5*j = -1017. What are the prime factors of w?
11, 23
Let f = -28 - -16. Let s = 31 - f. Let x = -30 + s. List the prime factors o